(base 16) to base 11.
22
What is -3 (base 13) in base 15?
-3
-2 (base 8) to base 4
-2
-2 (base 14) to base 4
-2
53 (base 13) to base 12
58
45 (base 6) to base 13
23
Convert 5 (base 6) to base 11.
5
-5 (base 10) to base 15
-5
-10011 (base 2) to base 14
-15
-1 (base 15) to base 5
-1
Convert 1c (base 13) to base 6.
41
Convert -1 (base 12) to base 10.
-1
37 (base 9) to base 7
46
38 (base 12) to base 10
44
-3b (base 13) to base 3
-1212
Convert 22 (base 4) to base 12.
a
Convert 4 (base 10) to base 4.
10
235 (base 6) to base 7
164
Convert 58 (base 15) to base 12.
6b
Convert -11 (base 3) to base 8.
-4
Convert 3332 (base 4) to base 16.
fe
64 (base 11) to base 6
154
Convert -1 (base 3) to base 8.
-1
Convert 2 (base 16) to base 7.
2
What is -92 (base 15) in base 13?
-a7
Convert 39 (base 15) to base 14.
3c
-20 (base 4) to base 15
-8
What is 1 (base 11) in base 12?
1
What is 89 (base 15) in base 14?
93
What is 101 (base 5) in base 3?
222
Convert 0 (base 10) to base 9.
0
Convert 4 (base 11) to base 14.
4
Convert 6 (base 14) to base 11.
6
Convert -152 (base 9) to base 16.
-80
Convert -1 (base 16) to base 2.
-1
What is 2 (base 7) in base 12?
2
Convert 0 (base 13) to base 9.
0
Convert -130 (base 5) to base 8.
-50
What is -9 (base 13) in base 16?
-9
What is -1 (base 11) in base 16?
-1
-e (base 16) to base 3
-112
Convert 2 (base 11) to base 15.
2
3 (base 13) to base 5
3
What is 7 (base 16) in base 5?
12
What is -4 (base 15) in base 13?
-4
5 (base 6) to base 5
10
What is -316 (base 8) in base 10?
-206
Convert -3 (base 9) to base 4.
-3
What is -1 (base 10) in base 7?
-1
Convert 20 (base 5) to base 3.
101
25 (base 13) to base 5
111
What is -9 (base 10) in base 8?
-11
Convert 1 (base 14) to base 6.
1
What is -18 (base 16) in base 9?
-26
What is 79 (base 16) in base 12?
a1
1 (base 5) to base 3
1
What is -1 (base 3) in base 14?
-1
What is -110 (base 2) in base 13?
-6
11 (base 2) to base 5
3
What is -2 (base 6) in base 8?
-2
-16 (base 10) to base 11
-15
0 (base 2) to base 13
0
Convert -c9 (base 16) to base 3.
-21110
Convert 10 (base 5) to base 2.
101
-55 (base 6) to base 8
-43
aa (base 12) to base 3
11211
What is 1 (base 13) in base 8?
1
What is 11100 (base 2) in base 11?
26
What is -22 (base 7) in base 3?
-121
What is 3130 (base 4) in base 14?
11a
Convert -55 (base 12) to base 14.
-49
What is 45 (base 7) in base 15?
23
What is -135 (base 10) in base 14?
-99
3132 (base 4) to base 5
1342
What is -1 (base 10) in base 4?
-1
-13f (base 16) to base 14
-18b
65 (base 13) to base 2
1010011
What is 4 (base 7) in base 5?
4
Convert 41 (base 8) to base 11.
30
What is 4 (base 7) in base 5?
4
-30 (base 4) to base 16
-c
What is -3 (base 10) in base 9?
-3
-14 (base 6) to base 8
-12
Convert -40 (base 8) to base 12.
-28
What is 5 (base 13) in base 11?
5
Convert -1 (base 9) to base 3.
-1
355 (base 7) to base 4
2323
-1 (base 13) to base 7
-1
Convert -d6 (base 14) to base 12.
-138
Convert -8 (base 11) to base 3.
-22
Convert 31 (base 6) to base 3.
201
Convert 3 (base 4) to base 5.
3
Convert 2 (base 16) to base 7.
2
What is -68 (base 16) in base 11?
-95
Convert -2 (base 4) to base 11.
-2
What is -10100 (base 2) in base 11?
-19
What is -9 (base 15) in base 12?
-9
-10 (base 7) to base 4
-13
Convert 11b (base 13) to base 7.
364
Convert -30 (base 16) to base 11.
-44
0 (base 4) to base 2
0
Convert 1211 (base 3) to base 10.
49
Convert 0 (base 16) to base 13.
0
What is 32 (base 4) in base 11?
13
-6 (base 10) to base 7
-6
What is -2 (base 3) in base 10?
-2
What is -1111 (base 2) in base 6?
-23
-f8 (base 16) to base 12
-188
Convert -98 (base 15) to base 10.
-143
-1 (base 7) to base 3
-1
What is -e3 (base 16) in base 13?
-146
What is 21a (base 12) in base 3?
102111
What is 110 (base 2) in base 10?
6
15 (base 7) to base 5
22
4 (base 9) to base 7
4
Convert 7 (base 14) to base 4.
13
1f (base 16) to base 14
23
What is 351 (base 9) in base 10?
289
What is 15 (base 10) in base 12?
13
-5 (base 9) to base 3
-12
Convert -4 (base 7) to base 12.
-4
What is 26 (base 10) in base 8?
32
What is 145 (base 6) in base 10?
65
Convert -213 (base 4) to base 3.
-1110
-140 (base 7) to base 13
-5c
92 (base 15) to base 2
10001001
What is 41 (base 10) in base 12?
35
7 (base 9) to base 3
21
230 (base 5) to base 16
41
Convert 14 (base 14) to base 6.
30
What is 8 (base 10) in base 4?
20
Convert 84 (base 15) to base 3.
11121
53 (base 10) to base 13
41
Convert 0 (base 14) to base 11.
0
6 (base 13) to base 4
12
-6 (base 9) to base 15
-6
Convert 8 (base 10) to base 9.
8
3 (base 9) to base 16
3
36 (base 7) to base 11
25
-21 (base 8) to base 4
-101
Convert 2 (base 8) to base 2.
10
6 (base 11) to base 14
6
Convert -22 (base 3) to base 10.
-8
Convert -63 (base 11) to base 10.
-69
-151 (base 8) to base 5
-410
Convert 4b (base 13) to base 12.
53
What is -226 (base 11) in base 10?
-270
What is -14 (base 7) in base 2?
-1011
What is 2 (base 16) in base 13?
2
10 (base 10) to base 13
a
What is 10110000 (base 2) in base 9?
215
What is c (base 16) in base 4?
30
Convert 331 (base 7) to base 8.
251
What is 3 (base 11) in base 6?
3
-101 (base 2) to base 8
-5
2 (base 3) to base 6
2
-26 (base 8) to base 7
-31
Convert -2 (base 4) to base 2.
-10
-4 (base 6) to base 3
-11
Convert 1 (base 15) to base 9.
1
Convert -2d (base 14) to base 11.
-38
Convert 44 (base 10) to base 13.
35
-5 (base 13) to base 3
-12
Convert 3 (base 9) to base 8.
3
What is 1220 (base 3) in base 8?
63
What is -10 (base 4) in base 12?
-4
What is 254 (base 11) in base 16?
12d
Convert -221 (base 3) to base 6.
-41
22 (base 8) to base 12
16
What is -2 (base 13) in base 10?
-2
Convert 17 (base 11) to base 13.
15
2 (base 7) to base 11
2
What is -12110 (base 3) in base 5?
-1042
-11 (base 2) to base 4
-3
-282 (base 11) to base 5
-2312
What is -1 (base 14) in base 13?
-1
What is 0 (base 15) in base 9?
0
Convert a (base 16) to base 5.
20
What is -11 (base 2) in base 4?
-3
Convert 2 (base 15) to base 14.
2
1 (base 6) to base 13
1
Convert -101011101 (base 2) to base 7.
-1006
Convert -11202 (base 3) to base 2.
-10000000
-20 (base 5) to base 4
-22
What is 0 (base 15) in base 7?
0
What is -2012 (base 3) in base 8?
-73
11 (base 3) to base 5
4
1 (base 2) to base 12
1
What is -11 (base 4) in base 6?
-5
Convert 1020 (base 3) to base 13.
27
What is -b (base 12) in base 5?
-21
What is -1 (base 11) in base 5?
-1
Convert -3 (base 5) to base 14.
-3
217 (base 9) to base 4
2302
Convert -148 (base 10) to base 2.
-10010100
Convert 0 (base 11) to base 9.
0
10 (base 16) to base 6
24
Convert 4 (base 16) to base 13.
4
Convert -23 (base 7) to base 15.
-12
What is 3 (base 12) in base 2?
11
Convert -10 (base 4) to base 10.
-4
3 (base 11) to base 8
3
What is 6 (base 15) in base 11?
6
Convert -11 (base 11) to base 2.
-1100
5 (base 13) to base 15
5
-143 (base 6) to base 10
-63
-1000 (base 3) to base 5
-102
Convert 0 (base 13) to base 3.
0
Convert 6 (base 16) to base 14.
6
Convert -19 (base 13) to base 9.
-24
What is 5a (base 12) in base 10?
70
Convert -2 (base 8) to base 11.
-2
What is -53 (base 7) in base 14?
-2a
-37 (base 12) to base 10
-43
What is -1 (base 2) in base 9?
-1
What is 11 (base 7) in base 9?
8
1 (base 2) to base 13
1
Convert 4 (base 12) to base 4.
10
-1101110 (base 2) to base 15
-75
-1 (base 2) to base 6
-1
Convert -41 (base 10) to base 9.
-45
Convert 0 (base 9) to base 13.
0
Convert -1 (base 8) to base 2.
-1
-87 (base 10) to base 16
-57
What is 2 (base 11) in base 12?
2
What is -4a (base 13) in base 8?
-76
Convert -243 (base 10) to base 8.
-363
Convert 6 (base 11) to base 2.
110
4 (base 12) to base 15
4
Convert -4 (base 12) to base 13.
-4
Convert 24 (base 6) to base 3.
121
Convert 106 (base 8) to base 10.
70
-137 (base 11) to base 2
-10100001
Convert 59 (base 11) to base 3.
2101
9 (base 15) to base 5
14
What is -5b (base 16) in base 12?
-77
46 (base 8) to base 16
26
Convert 0 (base 4) to base 13.
0
What is -10 (base 4) in base 5?
-4
Convert 5 (base 15) to base 7.
5
327 (base 9) to base 14
152
Convert 0 (base 8) to base 12.
0
Convert 235 (base 6) to base 8.
137
Convert 110100 (base 2) to base 9.
57
Convert -101 (base 5) to base 10.
-26
Convert -111 (base 2) to base 15.
-7
1110100 (base 2) to base 8
164
-10101 (base 2) to base 14
-17
5 (base 14) to base 10
5
What is 7 (base 10) in base 7?
10
8a (base 14) 